r?
False
Let n(o) = -o - 29*o + 8*o**2 - 8*o**2 - o**3 + 5 - 9*o**2. Is n(-12) a prime number?
True
Suppose v - 5*r + 1954 = 0, -13429 = 5*v + 5*r - 3569. Let w = -1040 - v. Let b = -424 + w. Is b prime?
False
Is 8/2 + (-658)/(-56)*6548 prime?
True
Suppose 5*w - 23326 = 3*w + z, 11670 = w + 3*z. Let q = -2465 + w. Is q a prime number?
True
Let g(h) = 5*h**3 - 8*h**2 + 25*h - 5. Let y be 1 - (130/(-5) - 2). Suppose 11 = 5*l - y. Is g(l) prime?
True
Let i be (-6)/(-1)*(-15)/(-18). Suppose -2*p + i*p = 8754. Is p a composite number?
True
Let q(j) = 642*j - 193. Let s be (-3)/5*-15 + -3. Is q(s) prime?
True
Suppose 6*j = 9*j - 9. Suppose 4*b = d + 13, -2*d - j = b - d. Suppose b*m = m + 2*q - 2, -14 = -4*m - 3*q. Is m a composite number?
False
Let s = -947670 + 1434589. Is s a composite number?
True
Suppose 104 + 64 = 3*j. Suppose j*b - 45572 = 52*b. Is b a prime number?
True
Let g be -9 - (26/(-65))/(2/19330). Let k = 9 - 6. Suppose -4*q + g = k*q. Is q prime?
False
Suppose -5*i - 17 = -4*d, 13 = 5*d + 3*i - i. Suppose 90 - 60 = d*g. Is g prime?
False
Suppose 0 = -23*g + 11*g - 84. Let h(o) = -4*o**3 + o**2 - 15*o + 17. Is h(g) composite?
False
Suppose -12574102 = -4*b + 23*o, 6287080 = 20*b - 18*b + 3*o. Is b composite?
False
Let u(b) = 7*b**2 + 17*b + 61. Suppose 4*s = 2*d - 22, -5*s - 5*d - 5 = 30. Is u(s) composite?
False
Let o = 98793 + -52639. Suppose -2*w = 4*f + o, 46178 = -2*w - f + 3*f. Is 1/(-26)*4 + w/(-65) composite?
True
Is (-763797)/(-18) + (8/(-48) - 0) a prime number?
True
Let h(o) be the second derivative of -3497*o**5/10 + o**4/6 + o**3/6 + 124*o. Is h(-1) a prime number?
False
Let y = -289 - -5596. Suppose -4*s = -3*v + y, -5*v = -3*v + 4*s - 3558. Suppose -7*u + 4*u = -v. Is u a composite number?
True
Suppose 2*k - 12 = 2. Let q be 93/21 - 3/k. Suppose -5033 = -4*s - 3*u, -2*s + u = q*u - 2515. Is s composite?
False
Suppose 1011167 = f - 3*o, -f + 1011191 = 244*o - 241*o. Is f composite?
True
Let p(x) = -18*x - 55. Let w be p(-18). Let n = w + 570. Is n a composite number?
False
Suppose -2*w + 4 - 2 = 0. Suppose 11*h = 32250 + 3247. Is h - (-9 + w)/(-2) composite?
True
Let b(i) be the third derivative of i**6/120 - i**5/12 - i**4/12 + 11*i**3/6 - 21*i**2. Let h be b(5). Is (0 + -59)*(h + -18) composite?
True
Let i(z) = -198*z - 10. Let p be i(-4). Suppose -p = -16*k + 722. Is k composite?
True
Let y(a) = -a**2 + 13*a - 2. Let t be y(12). Suppose -4*b - 12 = -3*p + t, 5*p - 2*b - 18 = 0. Suppose p*w - 5437 = -5*r - 0*w, -5*r + 2*w = -5433. Is r prime?
True
Let m(y) = -2877*y + 233. Is m(-12) prime?
True
Let j(m) = -8 + 4*m + 54*m**3 - 4*m**2 + 31*m**3 + 7 + 81*m**3. Is j(2) a prime number?
True
Let h(l) be the second derivative of -l**5/20 - 5*l**4/4 - 5*l**3/6 + 19*l**2 + 6*l - 1. Is h(-17) a prime number?
True
Let w be (-3 + 2)/(-1 + (-25)/(-20)). Let s be 3/w + 196826/56. Suppose t = -t + s. Is t prime?
False
Suppose 42*z - 1153475 = 5*z. Let o = z + 12252. Is o composite?
False
Suppose -2*v - 5*l + 150663 + 503240 = 0, -4*l + 1307776 = 4*v. Is v composite?
False
Let q(n) = 15*n**2 + 92*n - 135. Is q(58) a composite number?
False
Let j be (134/6)/((-4)/12). Let d be (22/12)/(31/124)*69. Let q = d + j. Is q composite?
False
Suppose -x = -5*s - 68386 - 101045, s + 847155 = 5*x. Is x a prime number?
False
Suppose n = -3*n. Let y(k) = -3*k**3 + 3*k**2 - k + 2777. Is y(n) prime?
True
Suppose -490406 = -4*m - 2*n, 88*m - 85*m - 2*n - 367801 = 0. Is m composite?
True
Let r = 153 - -67. Suppose -4*u + 5*u + 105 = 0. Let y = u + r. Is y composite?
True
Let b = -2219 + -1418. Let x = 9738 + b. Is x prime?
True
Let x(k) = -3*k**3 - 32*k**2 + 15. Let h(i) = i**3 - 10*i**2 - 10*i - 27. Let u be h(11). Is x(u) a prime number?
True
Suppose 3*f - 3944978 = -4*i, -31*i + 4*f + 2958721 = -28*i. Is i composite?
True
Let n = -34 - -50. Suppose n*i - 12*i - 21664 = 0. Suppose 8*w - i = -0*w. Is w prime?
True
Let c be ((-2)/(-3))/((-4)/8934). Let y = c + 2168. Is y prime?
False
Let u be (1 + -7)*4853/345*-5. Suppose u*h - 425*h = -114429. Is h prime?
False
Let h = 5515 - 3248. Is h prime?
True
Let x = 488316 + 66847. Is x a prime number?
False
Let m(f) be the third derivative of -289*f**4/12 + 65*f**3/6 - 124*f**2. Is m(-27) prime?
True
Let i be ((-40)/25)/(-8) + (-71079)/(-5). Let f = i + -2425. Is f a composite number?
True
Let u be (-6)/3 - 82/4*-2. Is 42 - u - (-56413 + -1) composite?
False
Let x(s) = -s**2 - 6*s - 4. Let z be x(-3). Let h(a) = 8*a**3 - 3*a**2 - 17*a + 49. Is h(z) a prime number?
False
Suppose -2960330 + 541699 = -61*d + 20*d. Is d composite?
False
Suppose 3*i - 4*i = 1, 0 = -3*f + 2*i + 98. Suppose -w = -0*w - f. Suppose -t = -w - 635. Is t a composite number?
True
Let l(r) be the second derivative of -100*r**3/3 - 9*r**2/2 + 3*r. Let z be l(5). Is z/(-1)*(0 + (2 - -1)) composite?
True
Let c(k) = 233*k**2 - 6*k - 4. Let o be c(-2). Let h = 1371 - o. Is h composite?
False
Let t(k) = k**3 - 14*k**2 - 13*k - 33. Let q be t(15). Let a be 5*((-38)/(-10) + q). Suppose a*d = 318 + 30. Is d a composite number?
True
Suppose -77135 = -851*h + 846*h. Suppose 51021 = 16*c - h. Is c a composite number?
False
Let h(o) = -133*o - 30. Let q be h(-8). Let t(f) = -f**3 + 9*f**2 + 12*f - 15. Let s be t(10). Suppose s*y - q - 221 = 0. Is y a prime number?
True
Let h(z) = -912*z**2 + 6*z - 42. Let l be h(10). Let i = -35101 - l. Is i a prime number?
True
Suppose -55*v + 13903830 = 35*v. Is v composite?
False
Let p(q) = 631*q**2 - 56*q - 164. Is p(-11) a prime number?
False
Let x = -169 + 169. Suppose 5*i - 3503 = -k - x*k, -4*i = -2*k - 2808. Is i a prime number?
True
Is 8 + 8865 - (18 - 6) composite?
False
Suppose -496325 = -o - 4*m, -2*o - 3*m + 992638 = 2*m. Is o a composite number?
True
Suppose 3*y - y - 5*y = 0. Suppose -5*l = -5*g + 705, 2*g + y*g + 3*l = 302. Suppose q - g = -5*h + 965, -2*h - 2*q = -436. Is h a prime number?
True
Suppose 43781 = -13*c + 505762. Is c prime?
True
Suppose r - 3493 = -5*q + 1280, 5*r - 2855 = -3*q. Is q a composite number?
True
Let d = 7154 + 1832. Suppose -5*i = -d + 3141. Is i a composite number?
True
Suppose 0 = 4*t + 5 - 17. Let j(p) = -6*p + 2*p + 0*p**2 + 87*p**2 + 21*p**2 + 37*p**2. Is j(t) a prime number?
False
Let z(g) = 8*g**3 - 25*g**2 - 3*g - 104. Let s(l) = 3*l**3 - 8*l**2 - l - 35. Let j(x) = -11*s(x) + 4*z(x). Is j(-22) composite?
False
Suppose 0 = 4*o + 3*r - 1070329, -70*o + 64*o - 4*r + 1605494 = 0. Is o composite?
True
Suppose -m = 3*m - 2652. Let k(a) = a**3 - 12*a**2 - 8*a - 55. Let h be k(13). Let p = m + h. Is p composite?
False
Let q(t) = 45361*t + 21. Is q(1) a composite number?
True
Is (-4 + 20617)/((4 + 42/(-15))/2) a composite number?
True
Suppose 71635 = 123*m - 39680. Is m prime?
False
Let r be (((-120)/(-36))/((-2)/6))/(-2). Suppose -5*m + 0 = 3*k - r, 4*m + 30 = k. Suppose -786 = -k*d + 3124. Is d composite?
True
Let x(p) = -26*p - 87. Let j be x(32). Let t = 2178 + j. Is t prime?
True
Is 45601 + (-16)/(6 + 2) a prime number?
True
Let v(g) = -12975*g**3 - 13*g**2 - 11*g + 13. Is v(-2) a composite number?
True
Let c = 416956 - 150945. Is c composite?
True
Let i(t) = -111*t**3 + 6*t**2 + 4*t + 3. Let p(x) = x**3 - 6*x**2 + 9*x - 6. Let z be p(6). Let v be 4/(-14) - (4 + z/(-21)). Is i(v) composite?
False
Suppose 436928 + 81466 = 3*k - 3*d, k = 5*d + 172798. Is k composite?
True
Suppose 7116749 = -285*g + 9130214 + 22374270. Is g a composite number?
False
Suppose -11*m + 404956 = 109617. Is m a composite number?
False
Suppose 0*n - 30 = -6*n. Let y(t) = 270*t + 13. Let b be y(n). Suppose 4*r = -3*m + b, -r - 5*m + 104 = -258. Is r a composite number?
False
Let z = 27720 - -58121. Is z prime?
False
Let w be -3 - (-1 + -6 + 4). Suppose 3*s - 2*s - 635 = w. Suppose 22*h - s = 17*h. Is h composite?
False
Let k(v) = -1827*v**3 + 10*v**2 + 37*v + 35. Is k(-7) prime?
False
Is (-126)/(-3213) + (-1431109)/(-51) a composite number?
True
Is (1592400/(-32) + 2)/((-6)/12) a composite number?
True
Suppose -2*p = p + 3*o - 24, -4*p = -5*o + 13. Suppose -3*n = p*a - n + 374, -5*a = n + 628. Let w = 433 + a. Is w a composite number?
False
Let z be (-7 - -3) + 4 - 2. Is z - -2*(-2546)/(-4) composite?
True
Let d(u) = -u**3 + 5*u**2 + 2*u - 4. Let h be d(5). Let s be 18170 - (16/h + (-14)/21).